11 + 4*s**2 - s**2 - 4*s. Give p(a).
-4
Let f(k) = -2*k**2 + 2. Suppose -a - 23 = -7*u + 2*u, 0 = -2*a - u + 9. What is f(a)?
-6
Let r(j) be the second derivative of j**5/20 - 2*j**4/3 + 4*j**3/3 + 5*j**2/2 - 36*j. Determine r(7).
12
Let r(c) = 1 + 3 + 4 + c. Let n(w) = -6*w**3 + 2*w**2 - 1. Let d be n(1). Give r(d).
3
Let g(u) = 2*u**2 - u - 10. Let l(q) = q**3 - q**2 + q + 1. Let f(d) = g(d) + l(d). What is f(0)?
-9
Let d(n) be the second derivative of -n**4/4 - n**3/6 - n. Determine d(1).
-4
Let m(y) = 6*y**3 + 7*y**2 - 4*y**3 - 3*y**3 - 9 + 8*y. Calculate m(8).
-9
Let w(a) = 0 + 34*a - 68*a - 2 + 35*a. What is w(6)?
4
Let b(u) = 2*u**3 - 4*u - 7. Let q(p) = -3*p**3 + 6*p + 10. Let s(h) = -7*b(h) - 5*q(h). Calculate s(-2).
-5
Suppose 0 = -2*k - 0 + 12. Let r = k + -6. Let o(b) = -b**3 + b**2 - b + 6. Calculate o(r).
6
Let v = -7 - -8. Let s = v - 1. Let o(c) be the second derivative of -c**4/12 - c**3/6 + c**2 - 4*c. Determine o(s).
2
Let j(x) = -2*x**2 - 17*x. Let p be j(-9). Let h(v) = v**2 + 11*v + 13. What is h(p)?
-5
Let o(n) be the third derivative of 0*n + 5/6*n**3 + 1/120*n**6 + 6*n**2 + 7/60*n**5 + 1/3*n**4 + 0. Determine o(-6).
-7
Let a be 24/(-20)*(-20)/(-6). Let b(f) = f**3 - 6*f**2 + 7*f - 4. Let g(i) = -2*i**3 + 12*i**2 - 14*i + 7. Let l(v) = a*g(v) - 7*b(v). What is l(5)?
10
Let z(a) be the first derivative of a**2/2 - 2*a - 15. Suppose -p - p = 10. Calculate z(p).
-7
Let n(q) = 426*q - 7 - 4*q**2 + 5*q**2 - 435*q. Give n(8).
-15
Let d(m) = 11 + 0*m - m - 1. Let i(f) = -f + 3. Let p be i(-3). What is d(p)?
4
Let u(x) be the second derivative of 0 + 3*x - 1/6*x**3 + x**2 - 1/12*x**4. Calculate u(-3).
-4
Let f(r) = -r**2 + 1 + 3 + 1 - 2*r. Suppose -2*u + 8 = 2*u. Let o be (0 + 0 + -2)*u. Calculate f(o).
-3
Let b = 21 + -18. Let x(h) be the first derivative of -4*h - h**2 - 2 - 2/3*h**3 + 1/4*h**4. What is x(b)?
-1
Let n(b) = b**2 - b - 13. Let w be 2 - (33/22 + 2/4). Determine n(w).
-13
Let b(s) = -2*s - 1. Let w(j) = j**2 + 5*j + 1. Suppose g + 2*g = -12. Let q be w(g). Let c be (q/(-4))/(2/8). What is b(c)?
-7
Let r(v) = -10*v**2 - 9*v - 1. Let g(q) = 3*q**2 + 3*q. Let b be (-4)/(-24) + 41/6. Let p(h) = b*g(h) + 2*r(h). What is p(-3)?
-2
Let h = -6 - -6. Let s(a) = -2*a - 2 + h - 4*a + a**2 - 2. What is s(6)?
-4
Let n(t) be the second derivative of -t**3/6 - t**2/2 + 7*t. Determine n(-5).
4
Let m(a) be the second derivative of a**3/6 + 3*a**2/2 + 8*a. Let s = -6 + 3. What is m(s)?
0
Let r(l) = 2*l**2 - 2*l - 3. Let w be 4/((-4)/(-2) - 4). What is r(w)?
9
Let i = 3 + 0. Let c be (-5)/((-10)/(-16)) + i. Let w(d) = d**3 + 5*d**2 + 6. What is w(c)?
6
Let m(n) = -n - 8. Let k be m(-10). Let q(u) be the third derivative of -1/4*u**4 - k*u**2 + 0*u + 1/60*u**5 + 0 + 1/3*u**3. Calculate q(6).
2
Let k(x) = 3*x**2 + 5*x - 5. Let n(g) = -2*g**2 - 4*g + 4. Let a = -21 + 17. Let t = 8 + -11. Let d(q) = a*n(q) + t*k(q). Calculate d(0).
-1
Suppose -x - 3*v = 0, 5*x + 2*v = -v. Let k(y) = y + 14. Calculate k(x).
14
Let p be (9/(-12))/((-1)/(-4)). Let d(a) = -5 + 45*a + 1 - 44*a. What is d(p)?
-7
Let f(v) = 4*v + 1. Let s be (-6)/(-14) + (-17)/7. Give f(s).
-7
Suppose -q + 1 = -0. Let o(c) = -c + 2*c**2 + q - 3 + 0 + 3*c. Calculate o(-2).
2
Let z(m) = m**3 - 7*m**2 + 2. Let f(a) = -4 + 5 - 3 + 1. Let u(l) = 2*f(l) + z(l). Determine u(7).
0
Let b(a) be the first derivative of -2*a**3/3 - a**2/2 - a + 7. Give b(-2).
-7
Let v be 4/(-6) - 4/(-6). Suppose v = 4*o + o. Let m be (o + 0)/(-2) + -1. Let l(y) = -8*y + 1. Determine l(m).
9
Let w be 2/(2/(-4)*-4). Let g(k) = 3*k**2 - 2*k + 1. Determine g(w).
2
Let b(f) = -4*f**2 - 10 + 12 - f**3 - 1. Determine b(-4).
1
Let p(c) = -2*c + 25. Let r be p(14). Let g(v) = 2*v**3 + 8*v**2 + v + 1. Let i(w) = w**3 + 4*w**2. Let l(f) = 3*g(f) - 5*i(f). What is l(r)?
3
Let l(x) be the second derivative of -x**3/6 + x**2/2 + 14*x. What is l(5)?
-4
Let j(g) be the first derivative of 3 + 0 + g**2 - 4. Give j(-1).
-2
Let b(f) = -f - 3 - 7*f + 2*f. Let n(k) = -k - 1. Let c(u) = 2*b(u) - 6*n(u). Suppose 4*j - 3*h + 18 = j, -15 = -3*h. Give c(j).
6
Let x be 2/(-1)*(-4)/8. Let a(d) = 9 + 5*d - 9. Let u be a(x). Let w(f) = -f**2 + 5*f + 2. What is w(u)?
2
Let f(t) = t**3 + 6*t**2 + t + 8. Let u(a) = -a**3 + 11*a**2 + 5. Let g be u(11). Let v(l) = l**2 - 6*l - 1. Let i be v(g). Calculate f(i).
2
Let a be ((-9)/5)/(9/30). Let l(j) = j**3 + 6*j**2 + j - 1. Calculate l(a).
-7
Let z(h) = 2*h + h**2 + 4*h + 0*h**2. Let v = 60 - 65. What is z(v)?
-5
Suppose 0*x - 8 = 4*k + 4*x, -5*k = x - 6. Suppose -r - k*m = -4, 0 = 2*r + 5*m - 11. Let d be 4*1*(r - -3). Let i(b) = 2*b - 3. Calculate i(d).
5
Let x(o) be the second derivative of -o**3/3 - 2*o**2 - 2*o. Let j be 6/(-21)*3*7. Let r = 2 + j. Calculate x(r).
4
Let g = -9 - -3. Let p(i) be the second derivative of i**5/20 + 5*i**4/12 - 7*i**3/6 - 4*i**2 - i. What is p(g)?
-2
Let w(h) = 3*h - 7. Let t be w(3). Let p(l) = -4*l**2 - t*l + 6*l**2 + 4*l + 3 + 4*l. Give p(-4).
11
Let q be 12/(-3)*4/8. Let j(z) = z**3 + 2*z**2 + 1. Calculate j(q).
1
Let n(p) = 6*p**2 - 7*p - 16. Let o(y) = y**2 - 1. Let j(k) = -n(k) + 5*o(k). Let i be ((-2)/(-5))/(7/140). What is j(i)?
3
Let g(f) be the second derivative of -f**4/4 - f**3/6 + 2*f**2 - 37*f. What is g(-3)?
-20
Let x(h) = 4*h - 3 - 9*h + h. Let c(i) = 4*i + 4. Let q(l) = -2*c(l) - 3*x(l). What is q(1)?
5
Suppose -4*m + 9*m = 0. Let d(c) be the first derivative of c**3/3 - 6*c - 70. Determine d(m).
-6
Let r(w) = w - 8. Let c be r(8). Let l(f) be the third derivative of 5/24*f**4 - 1/60*f**5 + c + f**2 + 1/6*f**3 + 0*f. What is l(5)?
1
Let z = -1 + 3. Let v(o) be the second derivative of -o**5/20 + o**4/4 - 26*o. Determine v(z).
4
Let g(r) = -r**2 + 10*r - 8. Let f be g(9). Let i(s) = -2*s**3 - s**2. Calculate i(f).
-3
Let x(j) be the second derivative of -3/2*j**2 - 1/3*j**4 + 0 - 1/20*j**5 + 1/3*j**3 - 4*j. Give x(-5).
12
Let j(f) = f**3 + f**2 + 5*f + 6. Let d(x) = -x**3 - 4*x - 5. Let o(p) = 4*d(p) + 3*j(p). Give o(2).
0
Let d(b) = -2*b**2 + 5*b - 2. Let r(p) = -3*p + 12. Let n be r(3). Calculate d(n).
-5
Suppose 3*q - 4*m = 2 + 1, -2*m + 16 = 2*q. Suppose q + 1 = 3*k. Let x(f) = f**2 - 4*f + 3. Calculate x(k).
-1
Let r = -9 + 15. Let h(i) be the second derivative of i**5/20 - i**4/2 + i**3/6 - 4*i**2 + 5*i. Give h(r).
-2
Let i(a) = a**3 + 4*a**2 - 3*a - 3. Let q = 8 + -12. Determine i(q).
9
Let t be (-2)/3*9/3. Let z(b) = -3*b**3 + 2*b**2 - 2*b - 1. Let l(g) = 5*g**3 - 4*g**2 + 4*g + 2. Let d(x) = -4*l(x) - 7*z(x). What is d(t)?
3
Let f be 26/13 + (1 + -2)/1. Let x(w) = -w**3 + w**2 - w. Calculate x(f).
-1
Let l = -7 - -10. Let o(z) = -z + 1 + 0*z**l - 3*z**2 - z**3 - z**2. Let p = -6 - -3. What is o(p)?
-5
Let l(w) = 0*w + 3 - 1 + 3*w + 0*w**2 - 2*w**2. What is l(3)?
-7
Let w(f) = 4*f - 4*f + 0 - 2*f - 9. Let q = -5 + -1. Give w(q).
3
Let h(z) be the first derivative of 1/4*z**4 - 1 - 4*z + 1/2*z**2 - 1/3*z**3. Let l(o) = -o**3 + 6*o**2 - 5*o. Let q be l(5). Calculate h(q).
-4
Let z(c) = -12*c + 1 - 5 + 3. Give z(-1).
11
Suppose 4*m + 17 = 3*s, -4*s + 5 = -7. Let i(p) = 2*p**2 + 2*p + 1. Give i(m).
5
Let j(l) = 4*l**3 + 3*l**2 - 1. Let q(y) = -21*y**3 - 16*y**2 + y + 4. Let a(u) = -11*j(u) - 2*q(u). What is a(2)?
-21
Let r(x) = x**2 + 6*x + 3. Let j be 12/8 + (-1)/(-2). Suppose 5*f = -5*p - 20, -j*p - 8 = 2*f + 2*f. What is r(p)?
-5
Let f(h) = h**3 - h. Let y(r) = r**2 + 5*r + 9. Let d be y(-6). Let g be (-2)/3 - (-40)/d. Determine f(g).
6
Let a(i) = -2 + 17*i + 16*i + 8*i - 42*i. Give a(0).
-2
Let s(r) = -7 - 2*r + 8 + r - 5. Give s(-4).
0
Let r be -1*(-2 - -4) - -2. Let l(z) = z - 5. Calculate l(r).
-5
Let t be 0 + 3/(9/12). Suppose 3*b + b - 8 = 2*l, -8 = -3*b + 2*l. Let r = t - b. Let i(g) = g + 2. Give i(r).
6
Let m = 15 + -20. Let c(b) = -b**2 - 6*b + 3. Determine c(m).
8
Let w(u) = 12 - u**2 - 7 + u - 4*u. Calculate w(-5).
-5
Let h(w) = -w**3 + 2*w**2 + 3*w + 2. Let s(t) = -t**2 + 9*t - 11. Let c be s(7). Give h(c).
2
Let n(s) = -s**3 + 3*s**2 - s. Suppose 2*q - 2 = 0, -u + q = -2*q + 51. Let y be u/(-15) + 2/(-10). Determine n(y).
-3
Suppose 0 = -3*x + 2*x. Let v(g) = -8*g + 8. Let h(a) = -7*a + 7. Let d(z) = -7*h(z) + 6*v(z). Calculate d(x).
-1
Let l(g) = -3*g**3 - 3*g + 4. Let j be (-4)/(-6) - (-28)/12. Let f(a) = 2*a**3 